is divided by 762.
761
Calculate the remainder when 529874 is divided by 82.
72
Calculate the remainder when 27725 is divided by 70.
5
What is the remainder when 2274903 is divided by 404?
383
What is the remainder when 36279 is divided by 645?
159
What is the remainder when 2765169 is divided by 9405?
99
Calculate the remainder when 280110 is divided by 347.
81
Calculate the remainder when 38917 is divided by 19330.
257
Calculate the remainder when 117464 is divided by 1077.
71
What is the remainder when 36433618 is divided by 1764?
1726
Calculate the remainder when 2714084 is divided by 125.
84
What is the remainder when 312678 is divided by 156187?
304
Calculate the remainder when 417621 is divided by 417427.
194
What is the remainder when 59781 is divided by 367?
327
What is the remainder when 28416461 is divided by 21?
17
Calculate the remainder when 5616741 is divided by 1775.
641
Calculate the remainder when 304304 is divided by 4013.
3329
Calculate the remainder when 1291258 is divided by 234.
46
Calculate the remainder when 19109383 is divided by 1714.
1711
What is the remainder when 63571752 is divided by 1105?
1102
What is the remainder when 13958729 is divided by 4681?
4668
What is the remainder when 128258 is divided by 12821?
48
What is the remainder when 44106886 is divided by 2?
0
Calculate the remainder when 53051 is divided by 52968.
83
Calculate the remainder when 279216 is divided by 39779.
763
What is the remainder when 34779577 is divided by 55?
52
What is the remainder when 134196614 is divided by 702600?
14
Calculate the remainder when 165788 is divided by 1122.
854
Calculate the remainder when 842550 is divided by 13806.
384
What is the remainder when 259879 is divided by 86472?
463
Calculate the remainder when 194439 is divided by 23897.
3263
Calculate the remainder when 11122332 is divided by 660.
12
What is the remainder when 957591 is divided by 119689?
79
Calculate the remainder when 3176816 is divided by 1058920.
56
What is the remainder when 1315586 is divided by 1659?
1658
What is the remainder when 42645615 is divided by 240?
15
What is the remainder when 50041318 is divided by 1148?
1146
Calculate the remainder when 40140940 is divided by 5734414.
42
What is the remainder when 16716643 is divided by 29?
28
What is the remainder when 3248812 is divided by 62?
12
Calculate the remainder when 918302 is divided by 134.
0
Calculate the remainder when 42417 is divided by 451.
23
Calculate the remainder when 86701 is divided by 341.
87
What is the remainder when 32025779 is divided by 159?
158
What is the remainder when 3111568 is divided by 3143?
3141
What is the remainder when 250679 is divided by 173?
2
Calculate the remainder when 2582275 is divided by 40.
35
Calculate the remainder when 8724025 is divided by 27348.
13
Calculate the remainder when 402985 is divided by 402924.
61
What is the remainder when 2557883 is divided by 516?
71
What is the remainder when 5601243 is divided by 6?
3
Calculate the remainder when 37088 is divided by 9099.
692
What is the remainder when 92078 is divided by 565?
548
Calculate the remainder when 413837 is divided by 24342.
23
Calculate the remainder when 18827 is divided by 357.
263
Calculate the remainder when 11852430 is divided by 241886.
16
What is the remainder when 1462739 is divided by 16?
3
Calculate the remainder when 9214843 is divided by 18.
13
Calculate the remainder when 48487484 is divided by 23390.
14
Calculate the remainder when 11761350 is divided by 101.
1
Calculate the remainder when 479210 is divided by 159727.
29
Calculate the remainder when 660114790 is divided by 108.
106
Calculate the remainder when 2747805 is divided by 1287.
60
Calculate the remainder when 9509531 is divided by 3.
2
Calculate the remainder when 19375334 is divided by 213.
2
What is the remainder when 96669 is divided by 94628?
2041
What is the remainder when 3009328 is divided by 752296?
144
Calculate the remainder when 31826013 is divided by 73842.
111
What is the remainder when 371734 is divided by 1277?
127
Calculate the remainder when 89736 is divided by 41729.
6278
Calculate the remainder when 6774768 is divided by 6774749.
19
Calculate the remainder when 32346 is divided by 3658.
3082
What is the remainder when 188806 is divided by 23565?
286
Calculate the remainder when 36820572 is divided by 163.
13
Calculate the remainder when 5313606 is divided by 26.
12
Calculate the remainder when 4593074 is divided by 7617.
23
What is the remainder when 121678895 is divided by 30419721?
11
What is the remainder when 272313 is divided by 1768?
41
Calculate the remainder when 1070359 is divided by 248.
239
What is the remainder when 741928 is divided by 275?
253
Calculate the remainder when 2977322 is divided by 51333.
8
Calculate the remainder when 5873973 is divided by 72.
69
What is the remainder when 4242330 is divided by 212?
210
Calculate the remainder when 29141 is divided by 3694.
3283
What is the remainder when 256899 is divided by 848?
803
Calculate the remainder when 7859117 is divided by 124.
121
What is the remainder when 144259 is divided by 34493?
6287
Calculate the remainder when 57002478 is divided by 37.
19
What is the remainder when 20747559 is divided by 3156?
15
Calculate the remainder when 16632 is divided by 995.
712
Calculate the remainder when 40043 is divided by 886.
173
Calculate the remainder when 281234 is divided by 281076.
158
What is the remainder when 157072054 is divided by 613?
612
Calculate the remainder when 35392 is divided by 1727.
852
Calculate the remainder when 482861 is divided by 412.
409
Calculate the remainder when 4679287 is divided by 21463.
353
Calculate the remainder when 20212953 is divided by 633.
630
What is the remainder when 99632782 is divided by 404?
322
Calculate the remainder when 100227339 is divided by 26.
17
Calculate the remainder when 2810070 is divided by 936650.
120
Calculate the remainder when 1808733 is divided by 6930.
3
What is the remainder when 60268923 is divided by 6?
3
What is the remainder when 3734036 is divided by 56576?
20
What is the remainder when 8462996 is divided by 868?
864
What is the remainder when 130828494 is divided by 345?
9
Calculate the remainder when 112859 is divided by 14067.
323
Calculate the remainder when 18660656 is divided by 2706.
80
Calculate the remainder when 1409474 is divided by 524.
438
Calculate the remainder when 723676 is divided by 31463.
27
Calculate the remainder when 1651541 is divided by 29.
20
Calculate the remainder when 316722255 is divided by 54.
51
What is the remainder when 44006 is divided by 21792?
422
Calculate the remainder when 412402 is divided by 17.
16
What is the remainder when 47735059 is divided by 352?
339
Calculate the remainder when 153192837 is divided by 51064272.
21
What is the remainder when 10684 is divided by 1515?
79
What is the remainder when 149731 is divided by 1611?
1519
What is the remainder when 33722900 is divided by 843072?
20
Calculate the remainder when 234185 is divided by 5854.
25
What is the remainder when 141516764 is divided by 356?
0
Calculate the remainder when 6696501 is divided by 12.
9
What is the remainder when 53205 is divided by 355?
310
Calculate the remainder when 6663221 is divided by 10395.
26
What is the remainder when 310550439 is divided by 760?
759
What is the remainder when 21220652 is divided by 13?
11
Calculate the remainder when 5431817 is divided by 23413.
1
Calculate the remainder when 17452623 is divided by 904.
903
What is the remainder when 37083 is divided by 35530?
1553
What is the remainder when 41675817 is divided by 45448?
1
What is the remainder when 10023633 is divided by 1670598?
45
Calculate the remainder when 856868900 is divided by 119.
118
Calculate the remainder when 230636 is divided by 11526.
116
What is the remainder when 783851902 is divided by 1056?
1054
What is the remainder when 1734457 is divided by 577336?
2449
What is the remainder when 101669 is divided by 252?
113
Calculate the remainder when 47530 is divided by 52.
2
What is the remainder when 86521 is divided by 43216?
89
Calculate the remainder when 76334641 is divided by 1502.
1499
Calculate the remainder when 3812412 is divided 